 be f(0). Calculate the greatest common factor of u and q.
2
Let x be ((-1)/(-2))/(1/24). Suppose 72 = 3*w + w. What is the highest common factor of w and x?
6
Let z = 79 - 43. Let t be (-9)/z - 73/(-4). Calculate the highest common factor of 9 and t.
9
Let f be (-12)/18*-1*21. Let q = -5 + 7. Suppose q*s - 28 = x, 15 = s + 5*x + 1. What is the highest common factor of f and s?
14
Suppose 0 - 96 = -4*j. Suppose 0 = -v - 2*v + 9. Calculate the highest common factor of v and j.
3
Let i(t) = -t**3 - 2*t**2 - 3*t + 3. Let s be i(0). What is the highest common factor of 48 and s?
3
Let m = 3 + -2. Let s be (m + (-4 - -2))*-3. Let f be (-1)/2*-2 + 2. Calculate the greatest common factor of s and f.
3
Let s = 15 - -5. What is the greatest common factor of 10 and s?
10
Let h(b) = b**2 + b - 1. Let t be h(-3). Suppose -58 = -t*w + 2. Let v be 620/w - 4/6. What is the highest common divisor of 17 and v?
17
Suppose 0 = 4*w - 3 - 1. Suppose -p + w = -4. Suppose p*m - 75 = -0*m. What is the highest common factor of m and 45?
15
Let r(b) = b**3 + 3*b**2 - 2*b - 4. Let k be r(-3). What is the greatest common divisor of k and 8?
2
Suppose u + 4*m - 177 = 0, 5*m = 3*u - 546 + 83. What is the greatest common factor of u and 23?
23
Suppose 23 = 9*p - 13. Calculate the highest common divisor of 16 and p.
4
Let q be (-2)/19 + (-1146)/(-57). Calculate the highest common divisor of q and 8.
4
Let k(x) = x**3 + 5*x**2 - 9*x - 8. Let w be k(-6). Let d be w*(-1)/(5/(-24)). Let h be 93/15 - 2/10. What is the greatest common divisor of d and h?
6
Suppose 7 = -5*u + 42. Suppose -3*j - 4*p + 21 = p, 4*p = -3*j + 21. Let m = 0 + j. Calculate the greatest common divisor of m and u.
7
Let s = -2 + 6. Let o be (1/2)/(2/8). Suppose -2 - 6 = -q + 2*b, -o*b = -s. Calculate the greatest common divisor of q and 3.
3
Suppose -3*l = 2*l - 50. Calculate the highest common factor of l and 80.
10
Suppose 2*h + 26 - 8 = 0. Let w = h + 36. Calculate the highest common factor of w and 9.
9
Let f(z) = z**3 + 4*z**2 - 6*z + 4. Let k be f(-5). Let n = 2 - -70. Calculate the greatest common factor of n and k.
9
Let g = -8 - -23. Let v be 6/g + 18/5. Suppose -v*x - 40 = -6*x. Calculate the highest common divisor of 8 and x.
4
Let q be (-3)/((-54)/5541) + (-1)/(-6). What is the greatest common factor of q and 28?
28
Let p(b) = b + 1. Let i be p(-1). Suppose -4*o + 8 = i, -5*x - o = -0*o - 57. What is the greatest common factor of 1 and x?
1
Suppose -19 = -2*d - 3*y, 4*y + 9 = 2*d - 3. Let s = 229 - 136. Suppose 0 = -5*w + s + 27. What is the highest common factor of w and d?
8
Suppose 5*k - 9*k + 96 = 0. Calculate the highest common factor of 48 and k.
24
Let c(a) = -a**3 - 16*a**2 - 16*a + 8. Let s be c(-15). Let l = s - 7. Calculate the greatest common divisor of 8 and l.
8
Suppose 0 = -0*j - 4*j + 72. Suppose -3*w + 3*b = -18, -3*b + 8 + j = w. Calculate the greatest common factor of 77 and w.
11
Let p = 92 - 57. Suppose 0 = v + v - 5*n - 55, 0 = -v + 5*n + p. Let s(o) = 2*o**2 - 4*o - 8. Let f be s(6). Calculate the highest common divisor of v and f.
20
Let r = -20 + 68. Let s = -31 + r. Calculate the highest common divisor of 119 and s.
17
Suppose -y - 34 = -5*z + y, 0 = 4*z - 5*y - 17. Let b(l) = -l**2 - 6*l - 6. Let w be b(-4). What is the highest common divisor of w and z?
2
Let p = -6 + 8. Let k be 0 + (2 - 0) + p. Calculate the greatest common divisor of k and 8.
4
Let l be 2/(-5)*(0 - 5). Let m be (l/(-4))/(2/(-8)). Calculate the highest common factor of m and 5.
1
Let a be ((-20)/(-3))/(12/18). Let d be 60*2*2/a. Calculate the highest common factor of 12 and d.
12
Let a(g) = g**2 + 14*g + 4. Let b be 1 + -1 - (10 - -6). Let r be a(b). Calculate the greatest common factor of r and 12.
12
Let s(l) = l**3 + l**2 + 11. Let n be s(0). Let o = 98 - 51. Let i be o - 0 - (-9)/(-3). What is the greatest common factor of i and n?
11
Let w(j) = -3*j - 11. Suppose 4*b + 3*q + 0*q = -45, 12 = -3*b + 5*q. Let x be w(b). Calculate the highest common factor of x and 128.
16
Let h be 89*1 + (0 - 0). Suppose -4*f = -5*d - h, 4*f - 3*d = f + 63. What is the highest common divisor of f and 16?
16
Let u be (-3 - 51/(-12))*-4. Let i(a) = 2*a**2 + 7*a + 1. Let g be i(u). Calculate the highest common factor of 40 and g.
8
Suppose 5*a = 5*i + 40, -4*a + 3*i + 10 = -20. What is the greatest common divisor of a and 4?
2
Suppose -2*v = -4*n + 89 + 53, 3*v - 67 = -2*n. Suppose 14 = s - 0. What is the highest common factor of n and s?
7
Let d be -2*1 - (1 + 2). Let o(l) be the first derivative of -3*l**2/2 - 4*l + 14. Let z be o(d). Calculate the greatest common divisor of 11 and z.
11
Suppose 4*f - 68 = -4*z, -2*z - 4 + 70 = 4*f. Suppose 9*l = -2*l + 1408. What is the highest common divisor of l and f?
16
Suppose 5*n = -5*b - 25, 0 = 3*b - 2*b + 2*n + 8. Let v be b - -2 - (-74 - 6). Suppose 2*k - 3 - 61 = 0. Calculate the greatest common factor of k and v.
16
Let m(p) = p**2 - 2*p. Let x be m(5). Let k = -181 + 346. What is the highest common divisor of x and k?
15
Let d be 1 - (2 - 2) - -39. Suppose 0*i + 67 = 3*i - 2*h, -2*i = h - d. What is the greatest common divisor of i and 3?
3
Suppose d + 16 = 5*d - 4*f, -4*d + 26 = -2*f. What is the greatest common divisor of 27 and d?
9
Let z(m) = 31*m**3 + 2*m**2 - m. Suppose -2*g + 22 = 5*l, g + 0*l = -4*l + 17. Let s be z(g). What is the highest common factor of s and 4?
4
Let z = 12 + -8. Suppose d - z*h - 3 = 3, 0 = 4*d - 4*h - 24. Let t(f) = 8*f. Let l be t(d). What is the greatest common divisor of l and 12?
12
Suppose 0*o + 3*o + 24 = 5*t, 24 = 4*t - 4*o. Calculate the greatest common factor of 12 and t.
3
Let w = 21 - 8. Suppose -73 = -2*y - w. What is the greatest common factor of y and 15?
15
Let q = 22 - 10. Let n be -1*4*(-29)/2. Let v be 6/15 + n/5. Calculate the highest common factor of q and v.
12
Let l(k) = -k**3 - 6*k**2 - 6*k - 5. Let s be l(-5). Let g = 2 - s. Suppose -g*b = 0, 5*u = -8*b + 3*b + 35. Calculate the highest common factor of u and 21.
7
Let h be 232/24 - 2/(-6). What is the highest common divisor of h and 80?
10
Let s be (48/(-20))/(9/(-30)). What is the greatest common factor of 2 and s?
2
Let w(b) be the third derivative of -b**2 + 1/60*b**5 + 0*b + 2/3*b**3 + 0 + 1/24*b**4. Let v be w(-5). Calculate the highest common divisor of v and 8.
8
Suppose 50 = 2*s + 5*j, -j = -3*s - 2*s + 98. Calculate the highest common factor of 10 and s.
10
Suppose -2*x - 10 + 5 = -l, 0 = -x - 1. Suppose 0 = -3*d - 5*m + l*m + 29, -m = 4*d - 32. Calculate the highest common factor of d and 77.
7
Suppose -2*n - n = -9, -n = 2*o - 27. Let r = 31 - 16. Let i = -7 + r. What is the highest common divisor of o and i?
4
Let b = 11 - 5. Suppose -2*x + 9 = -9. What is the greatest common factor of b and x?
3
Let b = 35 + -21. Let n = 62 - 20. Calculate the greatest common divisor of b and n.
14
Suppose 4*u + 54 = 6*u. What is the highest common factor of 3 and u?
3
Let n(l) = l**2 + 8*l - 14. Suppose -4*s + 3*s - 17 = 0. Let r = s - -6. Let j be n(r). Calculate the greatest common factor of 19 and j.
19
Suppose -4*t + 2*q + 8 = -54, -3*q + 67 = 4*t. Let m = 49 + t. Let a = -43 + m. What is the greatest common factor of a and 154?
22
Let b be ((-24)/16)/((-3)/4). What is the greatest common divisor of 14 and b?
2
Let t(g) = -g - 8. Suppose 0*b - 28 = 2*b. Let j be t(b). Calculate the highest common divisor of 12 and j.
6
Let f(r) = 3*r**2 + 2*r - 2. Let q be f(-2). Let h = -6 + q. Suppose -b + 8 = -2*j - 10, h = 2*b + j - 26. Calculate the greatest common factor of 154 and b.
14
Let v = 96 - 59. What is the greatest common factor of v and 148?
37
Let k be (-2982)/(-60) - 18/(-60). Let n(u) = u + 20. Let r be n(0). Calculate the greatest common factor of r and k.
10
Let a(k) = 10*k**2. Suppose -j = -2*j + 1. Let w be a(j). What is the highest common factor of w and 5?
5
Let q = -82 + 146. Let w(d) = 3*d - 7. Let n be w(5). What is the highest common factor of q and n?
8
Suppose 0 = w - 5*m + 2*m - 7, 41 = 4*w + m. What is the highest common divisor of w and 25?
5
Suppose 2*b - 2 = -g + 10, 0 = -5*g + 10. Suppose 55 = -b*m + 10*m. What is the highest common factor of 77 and m?
11
Suppose -v - v - 24 = -4*r, 0 = -v. Calculate the highest common divisor of r and 